*2 - 8*z + 13. Let h be u(g). Suppose -4*m = h*v - 42 - 18, 0 = -4*m + 2*v + 78. What is the tens digit of m?
1
Let h(l) = -20*l - 1. Let x be h(-1). Suppose 3*i - 2*u - 54 = -i, -4*i - 5*u + x = 0. What is the units digit of i?
1
Let w = -11 - -326. What is the units digit of w?
5
Let t = -23 - -13. Let o be t/2*4/(-10). Suppose 0 = -o*u + 29 + 31. What is the tens digit of u?
3
Suppose 7*i - 40 = 5*g + 2*i, 16 = -2*g - 5*i. What is the units digit of (-186)/g - 1/4?
3
Let c(w) = 2*w + 1. Let z be c(-2). Let l be z/(-18) + (-141)/(-18). Suppose -l = -0*o - o. What is the units digit of o?
8
Let g = 1157 - -455. What is the thousands digit of g?
1
Let g(j) = 26*j**2 - j - 1. Let m = 33 - 34. What is the tens digit of g(m)?
2
Let v = -418 - -421. Let f be (-6)/9 + (-452)/(-3). Suppose -34 = 2*j + 2*k - 148, -4*k = -v*j + f. What is the tens digit of j?
5
Let x(n) = -45 + 2*n - n + 48. What is the units digit of x(5)?
8
Suppose 3*y - 4*r + r = 900, -4*y = -2*r - 1206. Suppose 0 = -4*x + 2*k + 3*k + y, 0 = x - 5*k - 72. What is the units digit of x?
7
Let z(u) = -16*u + 21. Let l be z(-6). Let r = l + -67. What is the tens digit of r?
5
Let q = 270 - -1444. What is the thousands digit of q?
1
Let u = 1790 - 1042. What is the units digit of u?
8
Let h(v) be the second derivative of 3*v**3 + 21*v**2 + 2*v + 28. What is the units digit of h(10)?
2
Suppose 27*y = 3863 + 2050. What is the units digit of y?
9
Let k = 12 + -8. Let d = k - 1. Suppose d*j = 2*n - 0*n - 40, 5*n - 83 = -j. What is the units digit of n?
7
Let y(f) = f**2 - 25*f - 153. What is the units digit of y(38)?
1
Let m(d) = -2*d**3 + d**2 - 6*d - 1. Let o(z) = -5*z**3 + 2*z**2 - 13*z - 3. Let p(i) = 7*m(i) - 3*o(i). What is the units digit of p(2)?
8
Suppose -1 = -a - 11. Let q = 10 - a. What is the tens digit of q?
2
Let x(n) = 1 + 3 + 2*n**2 + 2*n - 3*n - 3*n**2. Let z be x(-5). Let h = z - -23. What is the units digit of h?
7
Suppose -4*n - 15 = 4*f + 25, -40 = 4*f + 2*n. Let u = f + 22. What is the tens digit of (-1)/((-4)/u) - -16?
1
Let v(i) = -30*i - 139. What is the hundreds digit of v(-16)?
3
Let c(u) = -u + 27. Let n = -42 + 55. What is the units digit of c(n)?
4
Let c(s) be the first derivative of -5*s**2/2 - 4*s + 2. Let h(a) = -6*a + 40. Let t be h(7). What is the units digit of c(t)?
6
Let g(m) = -2*m**3 + 40*m**2 + 13*m - 12. What is the tens digit of g(18)?
1
Let p(y) = -248*y - 15. What is the tens digit of p(-16)?
5
Let z = 18 - -217. Let u = -81 + z. What is the units digit of u?
4
Let m = -804 + 1314. What is the units digit of m?
0
Suppose -10*i + 34485 = 11925. What is the hundreds digit of i?
2
Let f be (1557/(-3))/(2 - 3 - 0). Let v = f + -338. What is the tens digit of v?
8
What is the units digit of ((-1)/(-1))/((-96)/(-191712))?
7
Suppose 3*a + 5*v = 4, 4*a = 2*v - 4 - 8. Let t(o) = 14*o**2 - o - 2. What is the units digit of t(a)?
6
Suppose -i - 1 = 0, 4*s - 63 = -i - 24. Suppose -28 - 62 = -s*l. What is the units digit of l?
9
Let m(t) be the third derivative of -t**4/24 + 4*t**3/3 - 4*t**2. Let c be ((-2 - 1) + 3)/(-1). What is the units digit of m(c)?
8
Let b = 386 + -220. Suppose 5*d - 542 = 38. Let r = b - d. What is the tens digit of r?
5
Suppose -3 = -2*z + 1. What is the units digit of 2/(z - 4)*-15?
5
Let k(y) = -y**3 + y**2 - y + 73. Let v be k(0). Let i = 134 - v. What is the units digit of i?
1
Let g(b) = b**3 + b**2 + 2*b - 4. Let l be g(4). Suppose 4*j - 2*n - l = -0*n, 5*j - n - 99 = 0. What is the units digit of j?
9
Suppose 5*m - 2956 = f, -m + 1764 = 2*m - 3*f. What is the hundreds digit of m?
5
Let w = 6408 - 3927. What is the units digit of w?
1
Let r = -9 + 11. Suppose -3*d - 122 = -2*k + r*d, 2*k + 3*d = 138. What is the units digit of k?
6
Let i = -26 - -64. Suppose 41*w = i*w + 360. What is the tens digit of w?
2
Let n(z) = 20*z**2 + 3*z - 11. Let c be n(-6). Let h = c - 470. What is the tens digit of h?
2
Let v be 26/(-65) + 12/5. Let o(z) = -z**v + z**3 - z**2 + 2 + 0. What is the units digit of o(2)?
2
Let r = 6 + -7. Let f = 2 - r. Suppose 2*b + q - 20 = -f*b, 16 = 4*b - 5*q. What is the units digit of b?
4
Suppose -5*p + 3*p + 4 = 0. Suppose -98 = p*y - 4*y. What is the units digit of y?
9
Let y be (-44)/110 + 3/(-5). What is the units digit of y*6 + 2 - -52?
8
Suppose -2 = -2*b + b + 2*u, b - 5*u = -1. Suppose -b*j + 20 = j. Suppose 0 = -j*h + 12 + 40. What is the tens digit of h?
1
Suppose 10 = 2*u + 3*u. Let m be (14 + -15)*u*-1. What is the tens digit of (52/12)/(m/6)?
1
Let z be (5/(-4))/((-1)/(-8)). Let g be (-105)/z - (-2)/(-4). Suppose r - g = -4*r. What is the units digit of r?
2
Suppose -127 = u + 4*r, 2*u - 3*r = -2*r - 209. Let z = 219 + u. What is the hundreds digit of z?
1
Let h be (-8)/(-6) - 18/(-27). Let d be -3 + (-3 - (-13 + h)). Suppose 1 = -d*u + 16. What is the units digit of u?
3
Let a be 394/8 - 4/16. Suppose -a = -4*k + 67. Let u = -7 + k. What is the units digit of u?
2
Let y be (2/(-4))/((-4)/568). Suppose -5 = -z - 4*g - 20, 0 = z + 5*g + 20. Suppose z*i = r - 78 - 5, y = r - 2*i. What is the tens digit of r?
6
What is the hundreds digit of 156/(-39) + -197*-1*5?
9
Let x(s) = -s**3 - 7*s**2 - 7*s - 4. Let j be x(-6). Let u be j/(-5) - (-51)/15. Suppose 0 = t + 2*o - 33, -3*o + 102 = u*t - 0*o. What is the units digit of t?
5
Let n(h) = h**2 + 13*h + 20. Suppose -p = -2*g + 3, 3*p - 5*p - 5*g = 42. Let v be n(p). Let i(f) = -25*f - 3. What is the units digit of i(v)?
7
Suppose 20 = -7*p + 139. Suppose -2*m + 109 - p = -2*b, -190 = -4*m + b. What is the tens digit of m?
4
Suppose -6*n + 3291 + 879 = 0. What is the tens digit of n?
9
Suppose 0 = 2*y - 2 - 6. Let p be ((-6)/8)/(9*8/(-192)). Suppose 4*s + 0*d = -y*d + 148, 3*d = -p*s + 71. What is the tens digit of s?
4
Suppose -2*n - 4 = l - 7*n, l + 4*n - 5 = 0. Let y(c) = 43*c. What is the units digit of y(l)?
3
Let k = -497 + 861. What is the units digit of k?
4
Let y = 4 + 4. Suppose y*r - 4*f = 5*r + 19, 0 = -2*r + 3*f + 14. What is the units digit of r?
1
Let k be 13 + (-1 - (-6)/(-3)). Let n = k - 6. Suppose 18 = n*b - 18. What is the units digit of b?
9
Suppose -2*b + 3*x = 2*x - 362, 5*x = 4*b - 736. What is the units digit of b?
9
Suppose 12 = -2*u + 6. What is the tens digit of (u - 9)*(-9)/4?
2
Suppose -10 = -4*q + 14. Let m be (-4)/q - 8/(-3). Let a(h) = 3*h - 3. What is the units digit of a(m)?
3
Let z be (1 - 4)/((-24)/40). Suppose 3*c = -6 + 87. Suppose -3*r + 37 = -4*o, -c = -3*r + r + z*o. What is the tens digit of r?
1
Let p(f) = -f**3 + f**2 + 2*f + 2. Let g be p(-2). Let i = g - 1. Suppose h = 2*h - i. What is the units digit of h?
9
Let f = -545 - -1369. What is the units digit of f?
4
Let t(r) be the first derivative of r + 3*r**3 - 3 - 1/2*r**2. What is the units digit of t(-2)?
9
Let y be (-21 - -21) + (75 - (0 + -1)). Suppose 0 = 4*w - 480 - y. What is the hundreds digit of w?
1
Let o be (-104)/(-13) + 1 + -3. Let i be ((-42)/(-14))/(o/10). Suppose i*t - 209 - 51 = 0. What is the units digit of t?
2
Let w be 5/(((-6)/138)/(-1)). Let i = w - 45. What is the tens digit of i?
7
Let i(t) be the second derivative of -t**5/20 + 7*t**4/4 + 5*t**3 - 14*t**2 - 31*t. What is the units digit of i(22)?
8
Suppose 0*g = -g. Suppose g*i + 8*i - 400 = 0. What is the tens digit of i?
5
Let t(z) = z**2 + 5*z + 3. Let v(i) be the first derivative of -i**2/2 - 9*i + 3. Let a be v(-3). What is the units digit of t(a)?
9
Let a = 38 - -388. What is the hundreds digit of a?
4
Suppose q + 4 + 2 = 0. Let n(j) = -16 + 0*j**2 + 7*j + j**2 + 24. What is the units digit of n(q)?
2
What is the units digit of 6/(-42) + 19307/7?
8
Suppose 14 = 5*d + 2*n, -2*n - 7 = -2*d + 7. Suppose 78 = d*o - 94. What is the units digit of o?
3
Suppose 2*k - 4*z - 596 - 1180 = 0, 4*k - 5*z - 3549 = 0. What is the units digit of k?
6
Let k = 760 + -431. What is the units digit of k?
9
Suppose d + 0*s - 5 = 3*s, 0 = 5*d - s - 11. Suppose 4*y + 0*y - d*w = 126, 5*y = -w + 161. What is the tens digit of -1*(3 + -4 - y)?
3
Let k(h) = -4*h**3 + 8*h**2 + h + 31. What is the hundreds digit of k(-5)?
7
Suppose 0 = -4*g - 63 + 3. Let m be 2 + -1*(1 - (-99)/(-3)). Let o = g + m. What is the units digit of o?
9
Suppose 4 = -q, 0 = 2*t - q - 190 - 1462. What is the units digit of t?
4
